{"id":1543,"date":"2015-09-10T14:36:10","date_gmt":"2015-09-10T14:36:10","guid":{"rendered":"http:\/\/192.168.10.1\/intranet_wp\/?page_id=1543"},"modified":"2015-09-10T15:19:50","modified_gmt":"2015-09-10T15:19:50","slug":"mision","status":"publish","type":"page","link":"https:\/\/insalud.gob.ve\/?page_id=1543","title":{"rendered":"Mision"},"content":{"rendered":"<p>Ejercer las pol\u00edticas p\u00fablicas establecidas dentro del sistema nacional de salud, para contribuir con el bienestar social de los carabobe\u00f1os, optimizando la atenci\u00f3n integral y la promoci\u00f3n de la salud con la participaci\u00f3n efectiva de las comunidades, logrando condiciones ambientales saludables que permitan mejorar la calidad de vida y el \u00a0control de \u00a0los factores de la salud en la poblaci\u00f3n.<\/p>\n","protected":false},"excerpt":{"rendered":"<p>Ejercer las pol\u00edticas p\u00fablicas establecidas dentro del sistema nacional de salud, para contribuir con el bienestar social de los carabobe\u00f1os, optimizando la atenci\u00f3n integral y la promoci\u00f3n de la salud con la participaci\u00f3n efectiva de las comunidades, logrando condiciones ambientales saludables que permitan mejorar la calidad de vida y el \u00a0control de \u00a0los factores de &hellip;<\/p>\n","protected":false},"author":1,"featured_media":0,"parent":0,"menu_order":0,"comment_status":"closed","ping_status":"closed","template":"","meta":[],"_links":{"self":[{"href":"https:\/\/insalud.gob.ve\/index.php?rest_route=\/wp\/v2\/pages\/1543"}],"collection":[{"href":"https:\/\/insalud.gob.ve\/index.php?rest_route=\/wp\/v2\/pages"}],"about":[{"href":"https:\/\/insalud.gob.ve\/index.php?rest_route=\/wp\/v2\/types\/page"}],"author":[{"embeddable":true,"href":"https:\/\/insalud.gob.ve\/index.php?rest_route=\/wp\/v2\/users\/1"}],"replies":[{"embeddable":true,"href":"https:\/\/insalud.gob.ve\/index.php?rest_route=%2Fwp%2Fv2%2Fcomments&post=1543"}],"version-history":[{"count":0,"href":"https:\/\/insalud.gob.ve\/index.php?rest_route=\/wp\/v2\/pages\/1543\/revisions"}],"wp:attachment":[{"href":"https:\/\/insalud.gob.ve\/index.php?rest_route=%2Fwp%2Fv2%2Fmedia&parent=1543"}],"curies":[{"name":"wp","href":"https:\/\/api.w.org\/{rel}","templated":true}]}}