{"id":1551,"date":"2015-09-10T14:39:02","date_gmt":"2015-09-10T14:39:02","guid":{"rendered":"http:\/\/192.168.10.1\/intranet_wp\/?page_id=1551"},"modified":"2015-09-10T15:20:00","modified_gmt":"2015-09-10T15:20:00","slug":"principios","status":"publish","type":"page","link":"https:\/\/insalud.gob.ve\/?page_id=1551","title":{"rendered":"Principios"},"content":{"rendered":"<p><strong>UNIVERSALIDAD:<\/strong> La salud debe ser para todos, sin discriminaciones de ninguna naturaleza.<br \/>\n<strong>EQUIDAD:<\/strong> Los servicios de salud deben ser de igual calidad para todos.<br \/>\n<strong>INTEGRALIDAD:<\/strong> Los programas deben aplicarse en funci\u00f3n de la promoci\u00f3n de la salud y prevenci\u00f3n de las enfermedades.<br \/>\n<strong>PARTICIPACI\u00d3N SOCIAL:<\/strong> Las comunidades deben ser protagonistas en la ejecuci\u00f3n.<br \/>\n<strong>EFICIENCIA Y EFICACIA:<\/strong> El mayor n\u00famero de objetivos debe alcanzarse en el menor tiempo posible.<\/p>\n","protected":false},"excerpt":{"rendered":"<p>UNIVERSALIDAD: La salud debe ser para todos, sin discriminaciones de ninguna naturaleza. EQUIDAD: Los servicios de salud deben ser de igual calidad para todos. INTEGRALIDAD: Los programas deben aplicarse en funci\u00f3n de la promoci\u00f3n de la salud y prevenci\u00f3n de las enfermedades. PARTICIPACI\u00d3N SOCIAL: Las comunidades deben ser protagonistas en la ejecuci\u00f3n. EFICIENCIA Y EFICACIA: &hellip;<\/p>\n","protected":false},"author":1,"featured_media":0,"parent":0,"menu_order":0,"comment_status":"closed","ping_status":"closed","template":"","meta":[],"_links":{"self":[{"href":"https:\/\/insalud.gob.ve\/index.php?rest_route=\/wp\/v2\/pages\/1551"}],"collection":[{"href":"https:\/\/insalud.gob.ve\/index.php?rest_route=\/wp\/v2\/pages"}],"about":[{"href":"https:\/\/insalud.gob.ve\/index.php?rest_route=\/wp\/v2\/types\/page"}],"author":[{"embeddable":true,"href":"https:\/\/insalud.gob.ve\/index.php?rest_route=\/wp\/v2\/users\/1"}],"replies":[{"embeddable":true,"href":"https:\/\/insalud.gob.ve\/index.php?rest_route=%2Fwp%2Fv2%2Fcomments&post=1551"}],"version-history":[{"count":0,"href":"https:\/\/insalud.gob.ve\/index.php?rest_route=\/wp\/v2\/pages\/1551\/revisions"}],"wp:attachment":[{"href":"https:\/\/insalud.gob.ve\/index.php?rest_route=%2Fwp%2Fv2%2Fmedia&parent=1551"}],"curies":[{"name":"wp","href":"https:\/\/api.w.org\/{rel}","templated":true}]}}